{"id":11263,"date":"2024-11-09T18:27:11","date_gmt":"2024-11-09T10:27:11","guid":{"rendered":"https:\/\/tiffanysmandarin.com\/?page_id=11263"},"modified":"2025-10-25T23:48:03","modified_gmt":"2025-10-25T15:48:03","slug":"chinese-food-recipes","status":"publish","type":"page","link":"https:\/\/tiffanysmandarin.com\/index.php\/chinese-food-recipes\/","title":{"rendered":"Cooking Chinese Food"},"content":{"rendered":"\n<div style=\"height:5px\" aria-hidden=\"true\" class=\"wp-block-spacer\"><\/div>\n\n\n\n<p>Cooking has never been my strongest skill, but I still want to share some Chinese recipes with you. <\/p>\n\n\n\n<p>Here, you\u2019ll find easy recipes for some of my favorite Chinese dishes and snacks\u2014nothing too complicated, just comforting flavors and accessible ingredients that anyone can try. Whether you&#8217;re new to Chinese cooking or just looking for something quick and tasty, I hope these recipes bring a bit of joy to your kitchen!<\/p>\n\n\n\n<div class=\"wp-block-columns are-vertically-aligned-center is-not-stacked-on-mobile is-layout-flex wp-container-core-columns-is-layout-9d6595d7 wp-block-columns-is-layout-flex\">\n<div class=\"wp-block-column is-vertically-aligned-center is-layout-flow wp-block-column-is-layout-flow\" style=\"flex-basis:25%\">\n<figure class=\"wp-block-image size-large\"><img loading=\"lazy\" decoding=\"async\" width=\"889\" height=\"1024\" src=\"https:\/\/tiffanysmandarin.com\/wp-content\/uploads\/2024\/11\/IMG_7236-889x1024.jpg\" alt=\"\" class=\"wp-image-11276\" style=\"aspect-ratio:1;object-fit:cover\" srcset=\"https:\/\/tiffanysmandarin.com\/wp-content\/uploads\/2024\/11\/IMG_7236-889x1024.jpg 889w, https:\/\/tiffanysmandarin.com\/wp-content\/uploads\/2024\/11\/IMG_7236-600x691.jpg 600w, https:\/\/tiffanysmandarin.com\/wp-content\/uploads\/2024\/11\/IMG_7236-260x300.jpg 260w, https:\/\/tiffanysmandarin.com\/wp-content\/uploads\/2024\/11\/IMG_7236-768x885.jpg 768w, https:\/\/tiffanysmandarin.com\/wp-content\/uploads\/2024\/11\/IMG_7236-300x346.jpg 300w, https:\/\/tiffanysmandarin.com\/wp-content\/uploads\/2024\/11\/IMG_7236-850x979.jpg 850w, https:\/\/tiffanysmandarin.com\/wp-content\/uploads\/2024\/11\/IMG_7236.jpg 1170w\" sizes=\"auto, (max-width: 889px) 100vw, 889px\" \/><\/figure>\n<\/div>\n\n\n\n<div class=\"wp-block-column is-vertically-aligned-center is-layout-flow wp-block-column-is-layout-flow\" style=\"flex-basis:0px\"><\/div>\n\n\n\n<div class=\"wp-block-column is-vertically-aligned-center is-layout-flow wp-block-column-is-layout-flow\">\n<p><ruby class=\"lang-zh-TW\"><span class=\"rb\">\u96ea\u82b1\u7cd5<\/span><rt>xu\u011bhu\u0101g\u0101o<\/rt><\/ruby><ruby class=\"lang-zh-CN\"><span class=\"rb\">\u96ea\u82b1\u7cd5<\/span><rt>xu\u011bhu\u0101g\u0101o<\/rt><\/ruby><br><strong><a href=\"https:\/\/tiffanysmandarin.com\/index.php\/2024\/11\/09\/snowflake-cake-xuehuagao\/\">Snowflake Cake<\/a><\/strong><\/p>\n<\/div>\n<\/div>\n\n\n\n<div class=\"wp-block-columns are-vertically-aligned-center is-not-stacked-on-mobile is-layout-flex wp-container-core-columns-is-layout-9d6595d7 wp-block-columns-is-layout-flex\">\n<div class=\"wp-block-column is-vertically-aligned-center is-layout-flow wp-block-column-is-layout-flow\" style=\"flex-basis:25%\">\n<figure class=\"wp-block-image size-large\"><img loading=\"lazy\" decoding=\"async\" width=\"928\" height=\"1024\" src=\"https:\/\/tiffanysmandarin.com\/wp-content\/uploads\/2025\/08\/IMG_8226-928x1024.jpg\" alt=\"\" class=\"wp-image-13149\" style=\"aspect-ratio:1;object-fit:cover\" srcset=\"https:\/\/tiffanysmandarin.com\/wp-content\/uploads\/2025\/08\/IMG_8226-928x1024.jpg 928w, https:\/\/tiffanysmandarin.com\/wp-content\/uploads\/2025\/08\/IMG_8226-272x300.jpg 272w, https:\/\/tiffanysmandarin.com\/wp-content\/uploads\/2025\/08\/IMG_8226-768x847.jpg 768w, https:\/\/tiffanysmandarin.com\/wp-content\/uploads\/2025\/08\/IMG_8226-300x331.jpg 300w, https:\/\/tiffanysmandarin.com\/wp-content\/uploads\/2025\/08\/IMG_8226-850x938.jpg 850w, https:\/\/tiffanysmandarin.com\/wp-content\/uploads\/2025\/08\/IMG_8226-600x662.jpg 600w, https:\/\/tiffanysmandarin.com\/wp-content\/uploads\/2025\/08\/IMG_8226.jpg 1170w\" sizes=\"auto, (max-width: 928px) 100vw, 928px\" \/><\/figure>\n<\/div>\n\n\n\n<div class=\"wp-block-column is-vertically-aligned-center is-layout-flow wp-block-column-is-layout-flow\" style=\"flex-basis:0px\"><\/div>\n\n\n\n<div class=\"wp-block-column is-vertically-aligned-center is-layout-flow wp-block-column-is-layout-flow\">\n<p><ruby class=\"lang-zh-TW\"><span class=\"rb\">\u6dbc\u62cc<\/span><rt>li\u00e1ngb\u00e0n<\/rt><span class=\"rb\">\u5c0f\u9ec3\u74dc<\/span><rt>xi\u01ceohu\u00e1nggu\u0101<\/rt><\/ruby><ruby class=\"lang-zh-CN\"><span class=\"rb\">\u51c9\u62cc<\/span><rt>li\u00e1ngb\u00e0n<\/rt><span class=\"rb\">\u5c0f\u9ec4\u74dc<\/span><rt>xi\u01ceohu\u00e1nggu\u0101<\/rt><\/ruby><br><strong><a href=\"https:\/\/tiffanysmandarin.com\/index.php\/2025\/01\/17\/chinese-recipe-cold-cucumber\/\">Cold Cucumber<\/a><\/strong><\/p>\n<\/div>\n<\/div>\n\n\n\n<div class=\"wp-block-columns are-vertically-aligned-center is-not-stacked-on-mobile is-layout-flex wp-container-core-columns-is-layout-9d6595d7 wp-block-columns-is-layout-flex\">\n<div class=\"wp-block-column is-vertically-aligned-center is-layout-flow wp-block-column-is-layout-flow\" style=\"flex-basis:25%\">\n<figure class=\"wp-block-image size-full\"><img loading=\"lazy\" decoding=\"async\" width=\"1000\" height=\"1000\" src=\"https:\/\/tiffanysmandarin.com\/wp-content\/uploads\/2025\/08\/Gemini_Generated_Image_z3e1lmz3e1lmz3e1-1-1.png\" alt=\"\" class=\"wp-image-13153\" style=\"aspect-ratio:1;object-fit:cover\" srcset=\"https:\/\/tiffanysmandarin.com\/wp-content\/uploads\/2025\/08\/Gemini_Generated_Image_z3e1lmz3e1lmz3e1-1-1.png 1000w, https:\/\/tiffanysmandarin.com\/wp-content\/uploads\/2025\/08\/Gemini_Generated_Image_z3e1lmz3e1lmz3e1-1-1-300x300.png 300w, https:\/\/tiffanysmandarin.com\/wp-content\/uploads\/2025\/08\/Gemini_Generated_Image_z3e1lmz3e1lmz3e1-1-1-150x150.png 150w, https:\/\/tiffanysmandarin.com\/wp-content\/uploads\/2025\/08\/Gemini_Generated_Image_z3e1lmz3e1lmz3e1-1-1-768x768.png 768w, https:\/\/tiffanysmandarin.com\/wp-content\/uploads\/2025\/08\/Gemini_Generated_Image_z3e1lmz3e1lmz3e1-1-1-850x850.png 850w, https:\/\/tiffanysmandarin.com\/wp-content\/uploads\/2025\/08\/Gemini_Generated_Image_z3e1lmz3e1lmz3e1-1-1-600x600.png 600w, https:\/\/tiffanysmandarin.com\/wp-content\/uploads\/2025\/08\/Gemini_Generated_Image_z3e1lmz3e1lmz3e1-1-1-100x100.png 100w\" sizes=\"auto, (max-width: 1000px) 100vw, 1000px\" \/><\/figure>\n<\/div>\n\n\n\n<div class=\"wp-block-column is-vertically-aligned-center is-layout-flow wp-block-column-is-layout-flow\" style=\"flex-basis:0px\"><\/div>\n\n\n\n<div class=\"wp-block-column is-vertically-aligned-center is-layout-flow wp-block-column-is-layout-flow\">\n<p><ruby class=\"lang-zh-TW\"><span class=\"rb\">\u6ef7\u8089<\/span><rt>l\u01d4r\u00f2u<\/rt><\/ruby><ruby class=\"lang-zh-CN\"><span class=\"rb\">\u5364\u8089<\/span><rt>l\u01d4r\u00f2u<\/rt><\/ruby><br><strong><a href=\"https:\/\/tiffanysmandarin.com\/index.php\/2025\/07\/26\/chinese-recipe-taiwanese-braised-pork\/\">Taiwanese Braised Pork<\/a><\/strong><\/p>\n<\/div>\n<\/div>\n\n\n\n<div class=\"wp-block-columns are-vertically-aligned-center is-not-stacked-on-mobile is-layout-flex wp-container-core-columns-is-layout-9d6595d7 wp-block-columns-is-layout-flex\">\n<div class=\"wp-block-column is-vertically-aligned-center is-layout-flow wp-block-column-is-layout-flow\" style=\"flex-basis:25%\">\n<figure class=\"wp-block-image size-full\"><img loading=\"lazy\" decoding=\"async\" width=\"320\" height=\"256\" src=\"https:\/\/tiffanysmandarin.com\/wp-content\/uploads\/2025\/10\/\u53f0\u5f0f\u9e79\u9165\u96de-\u98df\u8b5c\u6b65\u9a5f-5-\u7167\u7247.webp\" alt=\"\" class=\"wp-image-13221\" style=\"aspect-ratio:1;object-fit:cover\" srcset=\"https:\/\/tiffanysmandarin.com\/wp-content\/uploads\/2025\/10\/\u53f0\u5f0f\u9e79\u9165\u96de-\u98df\u8b5c\u6b65\u9a5f-5-\u7167\u7247.webp 320w, https:\/\/tiffanysmandarin.com\/wp-content\/uploads\/2025\/10\/\u53f0\u5f0f\u9e79\u9165\u96de-\u98df\u8b5c\u6b65\u9a5f-5-\u7167\u7247-300x240.webp 300w\" sizes=\"auto, (max-width: 320px) 100vw, 320px\" \/><\/figure>\n<\/div>\n\n\n\n<div class=\"wp-block-column is-vertically-aligned-center is-layout-flow wp-block-column-is-layout-flow\" style=\"flex-basis:0px\"><\/div>\n\n\n\n<div class=\"wp-block-column is-vertically-aligned-center is-layout-flow wp-block-column-is-layout-flow\">\n<p>\u53f0\u5f0f<span class=\"lang-zh-TW\">\u9e79\u9165\u96de<\/span><span class=\"lang-zh-CN\">\u54b8\u9165\u9e21<\/span><br><a href=\"https:\/\/tiffanysmandarin.com\/index.php\/2025\/10\/25\/chinese-recipe-salty-crispy-chicken\/\">Taiwanese Salty Crispy Chicken<\/a><\/p>\n<\/div>\n<\/div>\n\n\n\n<div style=\"height:100px\" aria-hidden=\"true\" class=\"wp-block-spacer\"><\/div>\n","protected":false},"excerpt":{"rendered":"<p>Cooking has never been my strongest skill, but I still want to share some Chinese recipes with you. Here, you\u2019ll find easy recipes for some of my favorite Chinese dishes and snacks\u2014nothing too complicated, just comforting flavors and accessible ingredients that anyone can try. Whether you&#8217;re new to Chinese cooking or just looking for something&#8230;<\/p>\n","protected":false},"author":2,"featured_media":0,"parent":0,"menu_order":0,"comment_status":"closed","ping_status":"closed","template":"","meta":{"footnotes":""},"class_list":["post-11263","page","type-page","status-publish","hentry"],"yoast_head":"<!-- This site is optimized with the Yoast SEO plugin v27.2 - https:\/\/yoast.com\/product\/yoast-seo-wordpress\/ -->\n<title>Cooking Chinese Food - OneDotDot Chinese<\/title>\n<meta name=\"description\" content=\"Here, you\u2019ll find easy recipes for some of my favorite Chinese dishes and snacks\u2014nothing too complicated, just comforting flavors and accessible ingredients that anyone can try.\" \/>\n<meta name=\"robots\" content=\"index, follow, max-snippet:-1, max-image-preview:large, max-video-preview:-1\" \/>\n<link rel=\"canonical\" href=\"https:\/\/tiffanysmandarin.com\/index.php\/chinese-food-recipes\/\" \/>\n<meta property=\"og:locale\" content=\"en_US\" \/>\n<meta property=\"og:type\" content=\"article\" \/>\n<meta property=\"og:title\" content=\"Cooking Chinese Food - OneDotDot Chinese\" \/>\n<meta property=\"og:description\" content=\"Here, you\u2019ll find easy recipes for some of my favorite Chinese dishes and snacks\u2014nothing too complicated, just comforting flavors and accessible ingredients that anyone can try.\" \/>\n<meta property=\"og:url\" content=\"https:\/\/tiffanysmandarin.com\/index.php\/chinese-food-recipes\/\" \/>\n<meta property=\"og:site_name\" content=\"OneDotDot Chinese\" \/>\n<meta property=\"article:modified_time\" content=\"2025-10-25T15:48:03+00:00\" \/>\n<meta property=\"og:image\" content=\"https:\/\/tiffanysmandarin.com\/wp-content\/uploads\/2024\/11\/IMG_7236.jpg\" \/>\n\t<meta property=\"og:image:width\" content=\"1170\" \/>\n\t<meta property=\"og:image:height\" content=\"1348\" \/>\n\t<meta property=\"og:image:type\" content=\"image\/jpeg\" \/>\n<meta name=\"twitter:card\" content=\"summary_large_image\" \/>\n<meta name=\"twitter:label1\" content=\"Est. reading time\" \/>\n\t<meta name=\"twitter:data1\" content=\"2 minutes\" \/>\n<script type=\"application\/ld+json\" class=\"yoast-schema-graph\">{\"@context\":\"https:\/\/schema.org\",\"@graph\":[{\"@type\":\"WebPage\",\"@id\":\"https:\/\/tiffanysmandarin.com\/index.php\/chinese-food-recipes\/\",\"url\":\"https:\/\/tiffanysmandarin.com\/index.php\/chinese-food-recipes\/\",\"name\":\"Cooking Chinese Food - OneDotDot Chinese\",\"isPartOf\":{\"@id\":\"https:\/\/tiffanysmandarin.com\/#website\"},\"primaryImageOfPage\":{\"@id\":\"https:\/\/tiffanysmandarin.com\/index.php\/chinese-food-recipes\/#primaryimage\"},\"image\":{\"@id\":\"https:\/\/tiffanysmandarin.com\/index.php\/chinese-food-recipes\/#primaryimage\"},\"thumbnailUrl\":\"https:\/\/tiffanysmandarin.com\/wp-content\/uploads\/2024\/11\/IMG_7236-889x1024.jpg\",\"datePublished\":\"2024-11-09T10:27:11+00:00\",\"dateModified\":\"2025-10-25T15:48:03+00:00\",\"description\":\"Here, you\u2019ll find easy recipes for some of my favorite Chinese dishes and snacks\u2014nothing too complicated, just comforting flavors and accessible ingredients that anyone can try.\",\"breadcrumb\":{\"@id\":\"https:\/\/tiffanysmandarin.com\/index.php\/chinese-food-recipes\/#breadcrumb\"},\"inLanguage\":\"en-US\",\"potentialAction\":[{\"@type\":\"ReadAction\",\"target\":[\"https:\/\/tiffanysmandarin.com\/index.php\/chinese-food-recipes\/\"]}]},{\"@type\":\"ImageObject\",\"inLanguage\":\"en-US\",\"@id\":\"https:\/\/tiffanysmandarin.com\/index.php\/chinese-food-recipes\/#primaryimage\",\"url\":\"https:\/\/tiffanysmandarin.com\/wp-content\/uploads\/2024\/11\/IMG_7236.jpg\",\"contentUrl\":\"https:\/\/tiffanysmandarin.com\/wp-content\/uploads\/2024\/11\/IMG_7236.jpg\",\"width\":1170,\"height\":1348},{\"@type\":\"BreadcrumbList\",\"@id\":\"https:\/\/tiffanysmandarin.com\/index.php\/chinese-food-recipes\/#breadcrumb\",\"itemListElement\":[{\"@type\":\"ListItem\",\"position\":1,\"name\":\"\u9996\u9801\",\"item\":\"https:\/\/tiffanysmandarin.com\/\"},{\"@type\":\"ListItem\",\"position\":2,\"name\":\"Cooking Chinese Food\"}]},{\"@type\":\"WebSite\",\"@id\":\"https:\/\/tiffanysmandarin.com\/#website\",\"url\":\"https:\/\/tiffanysmandarin.com\/\",\"name\":\"OneDotDot Chinese\",\"description\":\"Learn a little Chinese every day\",\"publisher\":{\"@id\":\"https:\/\/tiffanysmandarin.com\/#\/schema\/person\/3556e1160fac98b190d03b8aa8604d99\"},\"potentialAction\":[{\"@type\":\"SearchAction\",\"target\":{\"@type\":\"EntryPoint\",\"urlTemplate\":\"https:\/\/tiffanysmandarin.com\/?s={search_term_string}\"},\"query-input\":{\"@type\":\"PropertyValueSpecification\",\"valueRequired\":true,\"valueName\":\"search_term_string\"}}],\"inLanguage\":\"en-US\"},{\"@type\":[\"Person\",\"Organization\"],\"@id\":\"https:\/\/tiffanysmandarin.com\/#\/schema\/person\/3556e1160fac98b190d03b8aa8604d99\",\"name\":\"tiffany\",\"image\":{\"@type\":\"ImageObject\",\"inLanguage\":\"en-US\",\"@id\":\"http:\/\/tiffanysmandarin.com\/wp-content\/uploads\/2022\/06\/cropped-logo_tiffany2-1.png\",\"url\":\"http:\/\/tiffanysmandarin.com\/wp-content\/uploads\/2022\/06\/cropped-logo_tiffany2-1.png\",\"contentUrl\":\"http:\/\/tiffanysmandarin.com\/wp-content\/uploads\/2022\/06\/cropped-logo_tiffany2-1.png\",\"width\":214,\"height\":214,\"caption\":\"tiffany\"},\"logo\":{\"@id\":\"http:\/\/tiffanysmandarin.com\/wp-content\/uploads\/2022\/06\/cropped-logo_tiffany2-1.png\"},\"sameAs\":[\"https:\/\/www.instagram.com\/tiffanys_talk\/\",\"https:\/\/www.linkedin.com\/in\/tiffany-huang-mandarin\/\"]}]}<\/script>\n<!-- \/ Yoast SEO plugin. -->","yoast_head_json":{"title":"Cooking Chinese Food - OneDotDot Chinese","description":"Here, you\u2019ll find easy recipes for some of my favorite Chinese dishes and snacks\u2014nothing too complicated, just comforting flavors and accessible ingredients that anyone can try.","robots":{"index":"index","follow":"follow","max-snippet":"max-snippet:-1","max-image-preview":"max-image-preview:large","max-video-preview":"max-video-preview:-1"},"canonical":"https:\/\/tiffanysmandarin.com\/index.php\/chinese-food-recipes\/","og_locale":"en_US","og_type":"article","og_title":"Cooking Chinese Food - OneDotDot Chinese","og_description":"Here, you\u2019ll find easy recipes for some of my favorite Chinese dishes and snacks\u2014nothing too complicated, just comforting flavors and accessible ingredients that anyone can try.","og_url":"https:\/\/tiffanysmandarin.com\/index.php\/chinese-food-recipes\/","og_site_name":"OneDotDot Chinese","article_modified_time":"2025-10-25T15:48:03+00:00","og_image":[{"width":1170,"height":1348,"url":"https:\/\/tiffanysmandarin.com\/wp-content\/uploads\/2024\/11\/IMG_7236.jpg","type":"image\/jpeg"}],"twitter_card":"summary_large_image","twitter_misc":{"Est. reading time":"2 minutes"},"schema":{"@context":"https:\/\/schema.org","@graph":[{"@type":"WebPage","@id":"https:\/\/tiffanysmandarin.com\/index.php\/chinese-food-recipes\/","url":"https:\/\/tiffanysmandarin.com\/index.php\/chinese-food-recipes\/","name":"Cooking Chinese Food - OneDotDot Chinese","isPartOf":{"@id":"https:\/\/tiffanysmandarin.com\/#website"},"primaryImageOfPage":{"@id":"https:\/\/tiffanysmandarin.com\/index.php\/chinese-food-recipes\/#primaryimage"},"image":{"@id":"https:\/\/tiffanysmandarin.com\/index.php\/chinese-food-recipes\/#primaryimage"},"thumbnailUrl":"https:\/\/tiffanysmandarin.com\/wp-content\/uploads\/2024\/11\/IMG_7236-889x1024.jpg","datePublished":"2024-11-09T10:27:11+00:00","dateModified":"2025-10-25T15:48:03+00:00","description":"Here, you\u2019ll find easy recipes for some of my favorite Chinese dishes and snacks\u2014nothing too complicated, just comforting flavors and accessible ingredients that anyone can try.","breadcrumb":{"@id":"https:\/\/tiffanysmandarin.com\/index.php\/chinese-food-recipes\/#breadcrumb"},"inLanguage":"en-US","potentialAction":[{"@type":"ReadAction","target":["https:\/\/tiffanysmandarin.com\/index.php\/chinese-food-recipes\/"]}]},{"@type":"ImageObject","inLanguage":"en-US","@id":"https:\/\/tiffanysmandarin.com\/index.php\/chinese-food-recipes\/#primaryimage","url":"https:\/\/tiffanysmandarin.com\/wp-content\/uploads\/2024\/11\/IMG_7236.jpg","contentUrl":"https:\/\/tiffanysmandarin.com\/wp-content\/uploads\/2024\/11\/IMG_7236.jpg","width":1170,"height":1348},{"@type":"BreadcrumbList","@id":"https:\/\/tiffanysmandarin.com\/index.php\/chinese-food-recipes\/#breadcrumb","itemListElement":[{"@type":"ListItem","position":1,"name":"\u9996\u9801","item":"https:\/\/tiffanysmandarin.com\/"},{"@type":"ListItem","position":2,"name":"Cooking Chinese Food"}]},{"@type":"WebSite","@id":"https:\/\/tiffanysmandarin.com\/#website","url":"https:\/\/tiffanysmandarin.com\/","name":"OneDotDot Chinese","description":"Learn a little Chinese every day","publisher":{"@id":"https:\/\/tiffanysmandarin.com\/#\/schema\/person\/3556e1160fac98b190d03b8aa8604d99"},"potentialAction":[{"@type":"SearchAction","target":{"@type":"EntryPoint","urlTemplate":"https:\/\/tiffanysmandarin.com\/?s={search_term_string}"},"query-input":{"@type":"PropertyValueSpecification","valueRequired":true,"valueName":"search_term_string"}}],"inLanguage":"en-US"},{"@type":["Person","Organization"],"@id":"https:\/\/tiffanysmandarin.com\/#\/schema\/person\/3556e1160fac98b190d03b8aa8604d99","name":"tiffany","image":{"@type":"ImageObject","inLanguage":"en-US","@id":"http:\/\/tiffanysmandarin.com\/wp-content\/uploads\/2022\/06\/cropped-logo_tiffany2-1.png","url":"http:\/\/tiffanysmandarin.com\/wp-content\/uploads\/2022\/06\/cropped-logo_tiffany2-1.png","contentUrl":"http:\/\/tiffanysmandarin.com\/wp-content\/uploads\/2022\/06\/cropped-logo_tiffany2-1.png","width":214,"height":214,"caption":"tiffany"},"logo":{"@id":"http:\/\/tiffanysmandarin.com\/wp-content\/uploads\/2022\/06\/cropped-logo_tiffany2-1.png"},"sameAs":["https:\/\/www.instagram.com\/tiffanys_talk\/","https:\/\/www.linkedin.com\/in\/tiffany-huang-mandarin\/"]}]}},"jetpack_sharing_enabled":true,"_links":{"self":[{"href":"https:\/\/tiffanysmandarin.com\/index.php\/wp-json\/wp\/v2\/pages\/11263","targetHints":{"allow":["GET"]}}],"collection":[{"href":"https:\/\/tiffanysmandarin.com\/index.php\/wp-json\/wp\/v2\/pages"}],"about":[{"href":"https:\/\/tiffanysmandarin.com\/index.php\/wp-json\/wp\/v2\/types\/page"}],"author":[{"embeddable":true,"href":"https:\/\/tiffanysmandarin.com\/index.php\/wp-json\/wp\/v2\/users\/2"}],"replies":[{"embeddable":true,"href":"https:\/\/tiffanysmandarin.com\/index.php\/wp-json\/wp\/v2\/comments?post=11263"}],"version-history":[{"count":16,"href":"https:\/\/tiffanysmandarin.com\/index.php\/wp-json\/wp\/v2\/pages\/11263\/revisions"}],"predecessor-version":[{"id":13233,"href":"https:\/\/tiffanysmandarin.com\/index.php\/wp-json\/wp\/v2\/pages\/11263\/revisions\/13233"}],"wp:attachment":[{"href":"https:\/\/tiffanysmandarin.com\/index.php\/wp-json\/wp\/v2\/media?parent=11263"}],"curies":[{"name":"wp","href":"https:\/\/api.w.org\/{rel}","templated":true}]}}